 by g.
2
Let n be (-21)/(13/3 + -4). Calculate the remainder when 12/18*n/(-2) is divided by 12.
9
Suppose -3*q = 7*q - 360. What is the remainder when q is divided by 20?
16
Let n = 69 - 60. What is the remainder when 31 is divided by n?
4
Suppose 4*w - 6 = -90. Let j = 15 - w. Let v = -5 + j. Calculate the remainder when v is divided by 11.
9
Let i(b) = -b**2 - 17*b - 24. Let x = -4 - -13. Calculate the remainder when x is divided by i(-15).
3
What is the remainder when 26 is divided by 2 + (-4 - -4)/4 + 13?
11
Let w(m) be the third derivative of -m**4/12 + 5*m**3/6 - m**2. What is the remainder when 37 is divided by w(-4)?
11
Suppose 2*i = i + 3. Suppose -6 = i*d + 12. Let k(p) = p**2 + 7*p + 7. What is the remainder when 2 is divided by k(d)?
0
Let c = 3 - -8. Let w(k) = k**3 - 8*k**2 + 7*k + 5. Let z be w(7). Suppose -30 = -2*m - z*l + l, 5*l + 36 = m. Calculate the remainder when m is divided by c.
10
Let l = 33 - 11. Let i(c) = -2*c**3 + 2 + c - 4*c**3 + c**2 + 5*c**3. Calculate the remainder when l is divided by i(-2).
10
Let d = -57 + 87. Calculate the remainder when 148 is divided by d.
28
Suppose -v + 20 = 2*b + 3*v, -v - 13 = -b. What is the remainder when 57 is divided by b?
9
Let i be 7/28 + (-7)/(-4). Suppose -c + 3 = 2*h - 2, -4 = i*h. Let t = 0 + 6. Calculate the remainder when c is divided by t.
3
Suppose 6*g + 3*g = -9. Let a be 40/(-6)*(-3)/1. What is the remainder when 35 is divided by 72/a*(6 + g)?
17
Suppose q + 1 = 5. What is the remainder when 27 is divided by (2/q)/((-1)/(-20))?
7
Suppose -5*v - 3*q + 28 = 0, -4*v - 5*q = -3*q - 22. Suppose -j = v*f - 14 - 25, 65 = 5*j - f. Calculate the remainder when 40 is divided by j.
12
Suppose 3 = i + 1. Let m be (i/3)/((-2)/(-246)). Let l = m + -30. Calculate the remainder when l is divided by 18.
16
What is the remainder when 6 + 20*2/4 is divided by 10?
6
Suppose 5*n - 4*n = 2. What is the remainder when (4/6)/(n/111) is divided by 3/(-2)*(-104)/12?
11
Let z = -21 + 129. What is the remainder when z is divided by 37?
34
Let w(z) = z + 2. Let n be w(-3). Let a be (n - 5)/(9/12). Let q = -2 - a. Calculate the remainder when q is divided by 4.
2
Suppose 1 + 3 = 2*s. What is the remainder when 18 is divided by (-7)/((-2)/2) - s?
3
Suppose -4*x + 26 = -294. Suppose n - x = -3*n. Let m = -3 - -10. What is the remainder when n is divided by m?
6
Let w(d) = -3*d. Let h be w(1). Calculate the remainder when ((-4)/(-6))/(h/(-189)) is divided by 22.
20
Suppose -4*t = -s - t - 4, 0 = -4*s + 5*t + 19. What is the remainder when 162 is divided by s?
8
What is the remainder when 135 is divided by -3 + 3 + -1 + 43 + 4?
43
Suppose 3*t - 36 = 7*k - 3*k, k - 19 = -t. What is the remainder when t is divided by (9/4)/(2/8)?
7
Suppose -2*d + 28 = -4*f, 0 = 2*d + f + 4*f - 37. What is the remainder when 45 is divided by d?
13
Let w(f) = 18*f**2 + 4*f - 7. Let a(v) = 18*v**2 + 5*v - 8. Let d(j) = -6*a(j) + 7*w(j). Suppose 3*u - 3 = -6. What is the remainder when 55 is divided by d(u)?
17
Suppose z = 2*z + 4*q - 58, -z = 2*q - 48. What is the remainder when z is divided by 20?
18
Suppose -u = 5*z - 180, -3*u + 6 = -9. Suppose -4*s = -f + 15, -s + 129 = 5*f - 3*s. Calculate the remainder when f is divided by (z/10)/((-2)/(-4)).
6
Let j = 99 - 62. What is the remainder when j is divided by 8?
5
Suppose 1 = 2*s - s - 2*d, -14 = -3*s - 5*d. Suppose 5 + 13 = 5*m + s*l, -3*m - l + 14 = 0. Calculate the remainder when -10*(3/(-3))/1 is divided by m.
4
Suppose -312 = -3*a - 2*i, 3*i + 2*i = -3*a + 303. What is the remainder when a is divided by 27?
25
Suppose -2*z + 0 = x - 8, -5*x + 3*z + 1 = 0. Calculate the remainder when 2 is divided by x.
0
What is the remainder when (3 + -1 + -5 + 2)*-20 is divided by 11?
9
Let w(s) = -2*s**2 + s**2 + 6*s**2 + 4 + 0*s**2 - s. Calculate the remainder when w(3) is divided by 16.
14
Let g(o) = -2*o - 9. Let v be g(-6). Suppose -v*i - 4*s = 10, -i - 12 = -5*i + s. What is the remainder when 2 is divided by i?
0
Let a(j) = j**3 - 2*j**2 - 3. Suppose 0 = -9*h + 10*h - 11. What is the remainder when h is divided by a(3)?
5
Suppose 5*d - 61 = -6. Let x(l) = l + 17. Calculate the remainder when x(26) is divided by d.
10
Calculate the remainder when 32 is divided by (-14 + 0)/(24/(-12)).
4
Let c(v) = -v**3 - v + 452. Let a be c(0). Let w = 16 + 4. What is the remainder when a/w + 2/5 is divided by 12?
11
Let j(f) = 2*f**3 - f. Let z be j(-1). Let w = 6 - z. Calculate the remainder when 25 is divided by 4/(4/w) + 2.
7
Suppose 0 = -0*m - m + 28. Let o(a) = a**3 - 12*a**2 + 14*a - 23. What is the remainder when m is divided by o(11)?
8
Let z = 443 + -213. Calculate the remainder when z is divided by 33.
32
Suppose 19*h - 17*h - 28 = 0. What is the remainder when 139 is divided by h?
13
Suppose -33 = -4*n + 11. What is the remainder when 74 is divided by (-2)/n + (-2110)/(-110)?
17
Let t(q) = -12*q - 21. Let l = -22 - -51. Calculate the remainder when l is divided by t(-3).
14
Suppose 72 = 3*r - 0*r. Calculate the remainder when r - -3*(0 - -1) is divided by 10.
7
Let i(g) = g**3 - 5*g**2 + 4*g + 2. Calculate the remainder when 4 is divided by i(4).
0
Suppose -f = 4*s + 9, -4*f - 3*s = -4*s - 32. Let o = 11 - f. What is the remainder when 6 is divided by o?
2
Calculate the remainder when 2*-9*1/(-3) is divided by 2.
0
Suppose 61 = 4*f + 17. Calculate the remainder when (-15)/(-3)*(2 - -2) is divided by f.
9
Let k(c) = -4*c**2 - 7 + c + 3*c**3 - 12 + 17. What is the remainder when k(3) is divided by 16?
14
Let q = 126 + -44. What is the remainder when q is divided by 29?
24
Let z(s) = -11*s. Let j(w) = 4 - w - 4 - 5 - 2. Let p be j(-6). What is the remainder when 30 is divided by z(p)?
8
Suppose 2*h - 4 = 100. Suppose 0 = j + j - 36. What is the remainder when h is divided by j?
16
Let q = -20 - -8. Let m = q + 21. Let n = -32 - -37. Calculate the remainder when m is divided by n.
4
Calculate the remainder when (-2 - 40/(-12))/((-5)/(-120)) is divided by 5.
2
Suppose -4 = 4*x, 2*f + 1 - 24 = x. Calculate the remainder when 21 is divided by f.
10
Let u = 24 - 11. What is the remainder when 16 is divided by (3 + -4 + u)/2?
4
Let n be 1*4*(-1)/(-1). Let k be -1 - -14*26/n. What is the remainder when 31 is divided by k/8 + (-4)/16?
9
What is the remainder when (-32 - 1)*1*26/(-39) is divided by 14?
8
Let n be (-2)/4 - (-22)/4. Suppose -1 - 213 = -5*d - 2*o, n*d + 3*o = 211. What is the remainder when d is divided by 15?
14
Let h(z) = -12*z + 10. Let x = 5 - 0. Let k(g) = 5*g - 5. Calculate the remainder when h(-4) is divided by k(x).
18
Let y(o) = 4*o + 6. Let j be y(6). Suppose -2*c = -4*i - 60, c + c + 2*i - j = 0. Calculate the remainder when c is divided by 7.
6
Let o = 36 + -76. Let h = o - -57. Calculate the remainder when 33 is divided by h.
16
Let r = -15 + 32. Suppose 2*f = 5*w - 49, -3*w + 32 + 5 = -5*f. What is the remainder when r is divided by w?
8
Let j(u) = u**2 + 13*u + 11. Let w be j(-12). What is the remainder when (2 + -3)/(w/13) is divided by 5?
3
Calculate the remainder when (4/(-3))/4*-81 is divided by 7.
6
Let z = 65 + -39. Let j(f) = 9*f - 4. Let n be j(-2). Let l = 31 + n. What is the remainder when z is divided by l?
8
Let h = 27 - 39. Suppose 0*w - 4*g = -2*w - 34, -w + 3*g - 13 = 0. Let i = h - w. Calculate the remainder when 37 is divided by i.
11
Let w(p) = p**2 - 5*p + 5. Let x(z) = z**2 - 4*z - 6. Let v be x(6). What is the remainder when w(v) is divided by 7?
4
Let m(t) = -t**3 + 9*t**2 + 12*t - 6. Calculate the remainder when 53 is divided by m(10).
11
What is the remainder when 66 is divided by 1 + 11 - (-2 + (-2 - -2))?
10
Suppose -l + 5*j + 70 = 2*l, -j = -1. Let a = 15 - -58. Calculate the remainder when a is divided by l.
23
Suppose 2*s + 3*s = 10. Let b(w) = -6*w - 6*w**s - 2 + 0*w**3 - w**3 + 3. Calculate the remainder when 17 is divided by b(-5).
5
Let v = -90 + 141. Calculate the remainder when v is divided by 18.
15
Let s(z) = z**2 + 9*z - 1. Let b(i) = 2*i**3 - 7*i**2 - 7*i + 5. Let g be b(6). Suppose -g + 41 = -3*w. What is the remainder when w is divided by s(-10)?
7
Let o = 350 + -245. Suppose 0 = 3*n - 27 - o. Calculate the remainder when n is divided by 15.
14
Let d be 3 - 5 - (-66)/2. Suppose -3*p - c + d = -3*c, 2*p + 5*c - 46 = 0.